{"id":354,"date":"2023-02-20T21:39:05","date_gmt":"2023-02-20T20:39:05","guid":{"rendered":"https:\/\/lutinsprojet.ddns.net\/?page_id=354"},"modified":"2025-09-05T09:45:58","modified_gmt":"2025-09-05T07:45:58","slug":"calendrier-et-ephemerides","status":"publish","type":"page","link":"https:\/\/www.lutins.be\/index.php\/calendrier-et-ephemerides\/","title":{"rendered":"Calendrier et Eph\u00e9m\u00e9rides"},"content":{"rendered":"\n<div class=\"wp-block-file\"><a id=\"wp-block-file--media-61a9dbe0-555c-4838-835f-486054c6105f\" href=\"https:\/\/www.lutins.be\/wp-content\/uploads\/2025\/09\/Conge-et-ephemerides-2025-2026.pdf\">Cong\u00e9 et \u00e9ph\u00e9m\u00e9rides 2025-2026<\/a><a href=\"https:\/\/www.lutins.be\/wp-content\/uploads\/2025\/09\/Conge-et-ephemerides-2025-2026.pdf\" class=\"wp-block-file__button wp-element-button\" download aria-describedby=\"wp-block-file--media-61a9dbe0-555c-4838-835f-486054c6105f\">T\u00e9l\u00e9charger<\/a><\/div>\n\n\n\n<div class=\"wp-block-file\"><a id=\"wp-block-file--media-6658619e-9b9a-47c3-8c5a-244f68be1b8a\" href=\"https:\/\/www.lutins.be\/wp-content\/uploads\/2025\/08\/Calendrier-scolaire-2025-2026.pdf\">Calendrier scolaire 2025-2026<\/a><a href=\"https:\/\/www.lutins.be\/wp-content\/uploads\/2025\/08\/Calendrier-scolaire-2025-2026.pdf\" class=\"wp-block-file__button wp-element-button\" download aria-describedby=\"wp-block-file--media-6658619e-9b9a-47c3-8c5a-244f68be1b8a\">T\u00e9l\u00e9charger<\/a><\/div>\n\n\n\n<p><\/p>\n","protected":false},"excerpt":{"rendered":"","protected":false},"author":1,"featured_media":814,"parent":0,"menu_order":0,"comment_status":"closed","ping_status":"closed","template":"","meta":{"footnotes":""},"class_list":["post-354","page","type-page","status-publish","has-post-thumbnail","hentry"],"_links":{"self":[{"href":"https:\/\/www.lutins.be\/index.php\/wp-json\/wp\/v2\/pages\/354","targetHints":{"allow":["GET"]}}],"collection":[{"href":"https:\/\/www.lutins.be\/index.php\/wp-json\/wp\/v2\/pages"}],"about":[{"href":"https:\/\/www.lutins.be\/index.php\/wp-json\/wp\/v2\/types\/page"}],"author":[{"embeddable":true,"href":"https:\/\/www.lutins.be\/index.php\/wp-json\/wp\/v2\/users\/1"}],"replies":[{"embeddable":true,"href":"https:\/\/www.lutins.be\/index.php\/wp-json\/wp\/v2\/comments?post=354"}],"version-history":[{"count":10,"href":"https:\/\/www.lutins.be\/index.php\/wp-json\/wp\/v2\/pages\/354\/revisions"}],"predecessor-version":[{"id":925,"href":"https:\/\/www.lutins.be\/index.php\/wp-json\/wp\/v2\/pages\/354\/revisions\/925"}],"wp:featuredmedia":[{"embeddable":true,"href":"https:\/\/www.lutins.be\/index.php\/wp-json\/wp\/v2\/media\/814"}],"wp:attachment":[{"href":"https:\/\/www.lutins.be\/index.php\/wp-json\/wp\/v2\/media?parent=354"}],"curies":[{"name":"wp","href":"https:\/\/api.w.org\/{rel}","templated":true}]}}